64848 a multiple of 12?
True
Is 138 a factor of 25237?
False
Does 57 divide 2367?
False
Is 1500 a multiple of 19?
False
Is 5342 a multiple of 25?
False
Is 27146 a multiple of 57?
False
Is 15 a factor of 3062?
False
Is 10872 a multiple of 36?
True
Is 14 a factor of 2044?
True
Does 13 divide 1560?
True
Does 4 divide 84?
True
Is 5 a factor of 5005?
True
Is 112 a multiple of 6?
False
Is 20 a factor of 2086?
False
Does 4 divide 25580?
True
Is 6 a factor of 462?
True
Does 26 divide 3848?
True
Is 5 a factor of 1965?
True
Does 30 divide 3282?
False
Is 33 a factor of 88?
False
Is 7965 a multiple of 177?
True
Is 37 a factor of 465?
False
Is 51 a multiple of 19?
False
Does 65 divide 1046?
False
Does 10 divide 14774?
False
Is 7169 a multiple of 74?
False
Does 5 divide 392?
False
Is 971 a multiple of 9?
False
Does 6 divide 522?
True
Does 18 divide 2645?
False
Is 41 a factor of 82228?
False
Does 5 divide 42881?
False
Does 95 divide 12531?
False
Does 103 divide 17304?
True
Does 39 divide 23561?
False
Is 11 a factor of 385?
True
Is 182 a factor of 11152?
False
Is 10640 a multiple of 5?
True
Does 18 divide 8028?
True
Does 2 divide 3360?
True
Does 22 divide 20284?
True
Is 17 a factor of 2685?
False
Is 78 a multiple of 3?
True
Is 211 a multiple of 5?
False
Is 24 a factor of 3923?
False
Is 167 a factor of 6693?
False
Is 39342 a multiple of 164?
False
Is 46412 a multiple of 82?
True
Is 18536 a multiple of 10?
False
Does 385 divide 45815?
True
Is 2563 a multiple of 85?
False
Is 7686 a multiple of 63?
True
Does 29 divide 31467?
False
Is 83888 a multiple of 281?
False
Is 41581 a multiple of 36?
False
Is 285 even?
False
Is 319 even?
False
Does 214 divide 116658?
False
Does 141 divide 20304?
True
Does 43 divide 103458?
True
Is 31 a factor of 17775?
False
Is 6240 a multiple of 60?
True
Is 13 a factor of 2866?
False
Is 67 a factor of 32428?
True
Is 27017 a multiple of 120?
False
Does 5 divide 3341?
False
Does 11 divide 3437?
False
Is 20394 a multiple of 18?
True
Is 2656 even?
True
Is 1978 a multiple of 43?
True
Is 34 a factor of 22491?
False
Is 26 a factor of 2457?
False
Does 109 divide 8829?
True
Is 8638 a multiple of 7?
True
Is 34 a factor of 3764?
False
Does 28 divide 756?
True
Is 1213 a multiple of 77?
False
Is 7 a factor of 702?
False
Is 2 a factor of 87?
False
Is 4 a factor of 4651?
False
Does 306 divide 7830?
False
Is 576 a multiple of 36?
True
Is 2175 a multiple of 46?
False
Is 76 a factor of 3683?
False
Does 13 divide 402?
False
Is 6 a factor of 98?
False
Does 3 divide 3383?
False
Is 44 a factor of 7876?
True
Does 19 divide 1752?
False
Does 19 divide 8778?
True
Is 2383 a multiple of 100?
False
Is 21807 a multiple of 9?
True
Does 10 divide 477?
False
Is 27032 a multiple of 109?
True
Is 7388 a multiple of 17?
False
Is 43569 a multiple of 175?
False
Is 225 a multiple of 25?
True
Does 310 divide 117668?
False
Is 6295 a multiple of 36?
False
Is 1385 a multiple of 20?
False
Does 16 divide 288?
True
Does 5 divide 4965?
True
Is 13568 a multiple of 201?
False
Is 89010 a multiple of 430?
True
Does 11 divide 39?
False
Is 9 a factor of 497?
False
Is 12 a factor of 28680?
True
Is 735 a multiple of 15?
True
Is 639 a multiple of 16?
False
Does 54 divide 56454?
False
Is 5291 a multiple of 11?
True
Is 2960 a multiple of 40?
True
Is 29 a factor of 14616?
True
Does 19 divide 23360?
False
Is 18030 a multiple of 20?
False
Is 12560 a multiple of 40?
True
Is 98 a factor of 83301?
False
Is 6 a factor of 2845?
False
Is 29 a multiple of 29?
True
Is 31 a factor of 3937?
True
Is 17319 a multiple of 69?
True
Is 1548 a multiple of 12?
True
Is 58 a factor of 16588?
True
Does 26 divide 936?
True
Is 31 a factor of 16151?
True
Does 7 divide 2940?
True
Is 37572 a multiple of 124?
True
Is 11 a factor of 214?
False
Does 47 divide 1551?
True
Does 10 divide 13470?
True
Does 27 divide 329?
False
Does 4 divide 695?
False
Is 3 a factor of 7015?
False
Is 1015 a multiple of 13?
False
Is 20 a factor of 1634?
False
Is 19143 a multiple of 3?
True
Does 25 divide 4833?
False
Does 12 divide 10111?
False
Does 36 divide 468?
True
Does 413 divide 32627?
True
Is 114 a factor of 5130?
True
Does 180 divide 31290?
False
Is 146 a factor of 1613?
False
Is 810 a multiple of 24?
False
Is 5 a factor of 5000?
True
Is 588 a multiple of 7?
True
Does 6 divide 337?
False
Does 144 divide 19776?
False
Is 2051 a multiple of 199?
False
Is 299 a multiple of 35?
False
Does 29 divide 54984?
True
Does 76 divide 31084?
True
Is 10 a factor of 4420?
True
Is 418 a multiple of 23?
False
Is 142 a multiple of 3?
False
Is 71379 a multiple of 21?
True
Is 16524 a multiple of 102?
True
Is 20 a factor of 24919?
False
Is 44 a factor of 4576?
True
Is 327 a factor of 123482?
False
Is 3 a factor of 168?
True
Is 6 a factor of 2430?
True
Does 163 divide 75632?
True
Is 3 a factor of 477?
True
Is 28 a factor of 112?
True
Is 265 a multiple of 3?
False
Is 1014 a multiple of 39?
True
Does 29 divide 174?
True
Is 108 a factor of 4017?
False
Is 848 a multiple of 20?
False
Does 267 divide 93255?
False
Does 6 divide 13169?
False
Does 3 divide 27?
True
Is 6732 a multiple of 22?
True
Does 9 divide 11889?
True
Is 15778 a multiple of 49?
True
Is 12 a factor of 21888?
True
Does 8 divide 4104?
True
Is 10763 a multiple of 3?
False
Is 441 even?
False
Is 4173 a multiple of 2?
False
Does 31 divide 469?
False
Is 5232 a multiple of 16?
True
Is 9 a factor of 38?
False
Is 17 a factor of 6358?
True
Is 2701 a multiple of 37?
True
Is 24 a factor of 2635?
False
Does 23 divide 35282?
True
Is 7 a factor of 51241?
False
Does 13 divide 4615?
True
Is 2 a factor of 11600?
True
Does 91 divide 819?
True
Is 85 a multiple of 7?
False
Does 7 divide 1834?
True
Does 46 divide 5842?
True
Is 275 a multiple of 8?
False
Does 90 divide 2880?
True
Is 8160 a multiple of 24?
True
Is 10140 a multiple of 15?
True
Is 2120 a multiple of 40?
True
Does 58 divide 4002?
True
Does 15 divide 137308?
False
Is 119 even?
False
Is 13 a factor of 10472?
False
Is 17 a factor of 8993?
True
Is 17 a factor of 6307?
True
Is 116 a multiple of 29?
True
Is 693 a multiple of 13?
False
Is 90 a multiple of 15?
True
Is 240 a multiple of 40?
True
Does 5 divide 22880?
True
Is 28 a factor of 1569?
False
Is 50 a factor of 61150?
True
Is 34506 a multiple of 18?
True
Is 773 a multiple of 4?
False
Is 20208 a multiple of 6?
True
Is 25 a factor of 24712?
False
Does 57 divide 26163?
True
Is 180 a multiple of 15?
True
Is 800 a multiple of 32?
True
Does 8 divide 1502?
False
Is 11 a factor of 40?
False
Is 50 a factor of 6800?
True
Is 72781 a multiple of 34?
False
Does 4 divide 478?
False
Is 124 a factor of 1116?
True
Is 50903 a multiple of 235?
False
Is 43 a factor of 6863?
False
Does 12 divide 5123?
False
Is 18 a factor of 846?
True
Does 28 divide 2523?
False
Is 13 a factor of 170?
False
Is 195 a multiple of 14?
False
Does 107 divide 2675?
True
Is 2924 a multiple of 13?
False
Is 24180 a multiple of 30?
True
Is 43 a factor of 1259?
False
Is 34 a factor of 1292?
True
Is 1078 a multiple of 56?
False
Is 4 a factor of 107?
False
Is 2148 a multiple of 48?
False
Does 148 divide 12284?
True
Does 33 divide 8283?
True
Does 96 divide 4997?
False
Is 141 a multiple of 47?
True
Is 7 a factor of 1407?
True
Is 10 a factor of 295?
False
Is 6304 a multiple of 4?
True
Does 52 divide 11073?
False
Is 21730 a multiple of 11?
False
Is 35 a factor of 2351?
False
Does 72 divide 60123?
False
Is 3560 a multiple of 40?
True
Is 9 a factor of 82?
False
Is 9 a factor of 9825?
False
Does 9 divide 441?
True
Is 48332 a multiple of 59?
False
Does 34 divide 13396?
True
Is 74 a factor of 215?
False
Is 602 a multiple of 26?
False
Does 16 divide 1874?
False
Is 11 a factor of 22869?
True
Is 6501 a multiple of 36?
False
Does 258 divide 24349?
False
Does 43 divide 807?
False
Is 108 a factor of 2193?
False
Does 11 divide 978?
False
Is 35 a factor of 2394?
False
Is 5 a factor of 9081?
False
Does 12 divide 63312?
True
Is 1335 a multiple of 89?
True
Is 3252 even?
True
Does 5 divide 877?
False
Is 26 a factor of 2772?
False
Is 40 a factor of 960?
True
Does 89 divide 20470?
True
Is 1199 a multiple of 38?
False
Is 689 a multiple of 13?
True
Is 5778 a multiple of 27?
True
Does 14 divide 248?
False
Is 24 a factor of 1248?
True
Is 33 a factor of 1067?
False
Is 19 a factor of 1881?
True
